 + u) a prime number?
False
Suppose 48259 + 49976 = 3*x - 4*c, 0 = -5*x + 3*c + 163714. Is x a prime number?
False
Let d(w) = -353*w. Suppose -l + 4*l = -3. Let s be d(l). Suppose -3*m = g - s, -2*m - 3*g + 234 = -g. Is m composite?
True
Suppose -4*o = -2754 - 3790. Suppose 4*a + 0*a = o. Is a a composite number?
False
Let d be -7 - -5*4/(-10). Let n be (-426)/d*21/(-2). Let a = -320 - n. Is a a composite number?
True
Is (1 + (-4775 - (-6 + 3)))*-1 a composite number?
True
Let q(c) = 226*c - 277. Is q(6) a prime number?
False
Suppose 3*p - 3636 - 3981 = 0. Is 2/8 - -1*p/4 a composite number?
True
Is (1 - 5)/2 - (12 + -83) a composite number?
True
Suppose 1070 + 146 = -4*t. Let w = -131 - t. Let r = w + -60. Is r a prime number?
True
Let j(n) = n + 2. Let u be j(1). Let x(p) = -3 + 3*p**u - 1 - 4*p**3 - 9*p + 9*p**2. Is x(7) prime?
True
Let l = 39 + -37. Suppose 3910 + 8220 = l*f. Is f composite?
True
Let g(h) = -4 + 5*h - 6 - 13*h**2 + 14*h**2. Let l be g(-7). Suppose c = -l*c + 705. Is c composite?
True
Let b(i) = 8*i - 1. Let x be b(-1). Let v = x + 9. Suppose v = -5*n + 2*n + 9. Is n a composite number?
False
Let t(s) = 23*s + 8. Let m(p) = -3*p + 1. Let l(x) = 5*m(x) - t(x). Suppose r + 30 = -2*r. Is l(r) a composite number?
True
Suppose i = 2345 + 176. Is i a prime number?
True
Let t(v) = v**2 - 13*v + 29. Let h be t(11). Suppose -393 = -h*a + 160. Is a a prime number?
True
Let p(y) = -2*y + 26. Let t be p(12). Suppose 4*v - 1272 = -0*a - 4*a, 0 = 5*a - t*v - 1583. Is a prime?
True
Is (43111/(-4) - (-27)/(-36))*-2 a composite number?
False
Let x be 0 + 0 + 1 + -3. Let s be (12/8)/(x/(-348)). Let i = s + 28. Is i a prime number?
False
Let q = 16207 - 8924. Is q composite?
False
Suppose 12*w + 1202174 = 3639578. Is w composite?
False
Let u(d) = 6*d**2 + 11*d - 11. Let z(i) = 6*i**2 + 11*i - 12. Let b be (-224)/40 - 6/(-10). Let h(q) = b*z(q) + 6*u(q). Is h(7) a composite number?
True
Suppose 41111 = 1238*u - 1231*u. Is u a composite number?
True
Suppose -10 = 3*b - 1. Let y = b - -40. Is y a prime number?
True
Let q = 11775 + -5508. Suppose -4*p - q = -5*a, -3379 = -2*a + 4*p - 877. Is a composite?
True
Let p(t) = 3*t**2 + 3*t + 8. Let q be p(4). Suppose 18 - q = -5*i. Is (13 - i) + 4*4 prime?
True
Let a = 1488 - -4147. Suppose 2*v + 0*v - 2*g = 2820, 0 = -4*v - g + a. Is v a prime number?
True
Let p(l) = 5*l**3 - 11*l**2 + 13*l + 9. Let y be p(7). Suppose 0 = -d + 5*d - y. Is d composite?
True
Suppose z - 5 = -0. Suppose z*n - 583 = 1592. Suppose -5*o + 435 = -r - r, -5*o - r = -n. Is o composite?
True
Let k = 656 - 369. Is k prime?
False
Suppose -4*r = -0*z + 3*z - 11974, 2*r = 3*z - 11986. Is z composite?
True
Suppose -4*m + 29714 = -2*m. Is m composite?
True
Suppose -2*x + 20 = -5*v, -5*x + 12 = -3*v - 0. Suppose x = 2*s + 4*t - 2814, -6*s = -3*s - 4*t - 4181. Is s a composite number?
False
Let f(j) = 20*j**2 - 20*j + 1. Is f(10) a composite number?
False
Let r = 1392 + 12185. Is r a prime number?
True
Suppose -23*q = -88568 + 6021. Is q a composite number?
True
Let w = 4021 + -2397. Let b = w - 905. Is b prime?
True
Let j = 202906 + -143472. Is j a composite number?
True
Suppose 0 = -4*g + 2241 + 1127. Let u be -426 - (1 - (2 - 0)). Let z = g + u. Is z a composite number?
True
Let i(c) = -50*c**3 - 7*c**2 - 6*c - 5. Is i(-6) a composite number?
True
Let a(o) = 16*o**2 - 17*o - 26. Let k = 4 - 17. Is a(k) prime?
False
Let u(k) = 158*k**2 + k - 5. Let d be u(2). Suppose 0*r = 5*r - 2*o - d, 5*o = 15. Is r prime?
True
Let u(b) = 12*b - 189. Is u(29) prime?
False
Let o(m) be the first derivative of -223*m**2/2 + 8*m + 30. Is o(-21) composite?
False
Let l be -4 - (2 - 382/1). Let w = l + -199. Is w a prime number?
False
Suppose 5*a = r - 3273, -17*r = -15*r + 5*a - 6516. Is r prime?
False
Suppose 6*o - 4*o - 99211 = -5*a, -4*a = o - 79367. Is a a composite number?
False
Let k(w) = 2*w**2 - 17*w + 30. Let j(i) = -i**3 - 11*i**2 - 17*i - 4. Let a be j(-9). Is k(a) a composite number?
True
Is (-2 + (-9191)/(-4))/(63/1596) composite?
True
Let a be (-10053)/(-12) + (-18)/24. Suppose -4*v + l = -a, -4*v = -8*v - 2*l + 834. Is v prime?
False
Let n = -76 - -79. Suppose -f - a = a - 10201, 30591 = n*f + 3*a. Is f a composite number?
False
Let b = -862 + 1257. Is b a prime number?
False
Suppose 19*f + 28976 = 27*f. Is f prime?
False
Let x = -129 + 111. Is (-1)/(-6) + (-5 - 5361/x) a composite number?
False
Let x be ((-21)/(-6))/(4/(-16)). Let y = x - -12. Is 969 + 3 - (y + 1) a prime number?
False
Suppose 2*d - 2*m + 188 = 1570, 2*m = 3*d - 2076. Is d composite?
True
Suppose -11*x + 16499 = -10*x. Is x a composite number?
True
Let a(x) = 52*x - 7. Let i = 35 - 31. Is a(i) composite?
True
Let y(d) = 2*d - 1. Suppose -3 = -6*x + 9. Let w be y(x). Suppose 9 + 3 = -w*z, 0 = t + 4*z - 105. Is t composite?
True
Let w(u) = -15*u**2 + 14*u + 14. Let s(d) = 15*d**2 - 15*d - 15. Let o(z) = -3*s(z) - 4*w(z). Is o(-5) prime?
True
Suppose -3*v + 6329 - 52628 = 0. Is v/(-46) - 2/4 a composite number?
True
Suppose 0 = 4*c - 3*a + a + 26, -5*a = -5*c - 35. Is (-478 - 1)/(c/12*2) a prime number?
True
Suppose -7*t + 8*t = 2*l + 34411, l + 103243 = 3*t. Is t prime?
False
Let k = -23823 + 34310. Is k a prime number?
True
Suppose 3019 = 5*i - 1401. Let m = i - 363. Is m composite?
False
Suppose 0 = 2*q - 4*q + 830. Suppose -2*i + 3187 = -q. Is i a prime number?
True
Let y(h) = h**2 + 12*h - 9. Let j be y(-13). Suppose 1277 = 5*o - 4*w, -j*o - 63 = 5*w - 1060. Is o prime?
False
Let w(s) = 133*s**2 - 2*s + 1. Let f be w(1). Suppose -2*n - 2*c + 480 = 0, 0 = -2*n - 3*c + 195 + 284. Suppose -n = -r + f. Is r a composite number?
False
Let y = 11 - 8. Suppose -5*b = 3*j - 35, -6*j + j - 21 = -y*b. Is b a composite number?
False
Let k be (-4)/(-18) - 48/(-27). Let l(h) = 57*h**3 - 3*h + 21 + 4*h**2 - 5 - 15. Is l(k) a prime number?
True
Let j(q) = 209*q - 30. Is j(1) prime?
True
Let w = -8 + 8. Suppose -2*k - 3*r + 0 = 3, 3*k + r + 1 = w. Suppose k = 4*t - 6*t + 422. Is t composite?
False
Let d be -8 - 4/(-12)*3. Let j(r) = -2*r**3 + 8*r**2 + 10*r - 3. Let w be j(d). Suppose -2*q = 3*q - w. Is q composite?
True
Let u(q) be the first derivative of q**2/2 - 4*q - 5. Let l be u(8). Suppose m + 3549 = l*d, -3*d - 2*m = -8*d + 4437. Is d a composite number?
False
Suppose -3*c + 5851 = 4*p - 43368, -2*p + 16405 = c. Is c a prime number?
False
Let z be (-5 + -1)*((-5)/3 - 5). Is z/20*4406/4 a prime number?
True
Suppose 3*s - 59 = -968. Let d = s + 1954. Is d prime?
False
Let d be -1 + (0 - 0) + -180. Let a = -317 - d. Let p = 257 + a. Is p a composite number?
True
Let g(r) = -r**2 + 17*r - 13. Let a be g(16). Suppose -5*q = 3*v - 5659, -2*v - a*v - q = -9461. Is v prime?
False
Let q = 139 - 150. Let f(z) = -11*z + 15. Let v(u) = -u. Let s(c) = f(c) + 5*v(c). Is s(q) a prime number?
True
Let x be 24/9*(-3)/(-4). Is (-152)/(-5 + 1) + (1 - x) a prime number?
True
Suppose 0 = 25*a - 59486 - 71789. Is a a prime number?
False
Is 4/(-22) + 349205/55 composite?
True
Let l be ((-48)/6)/((-4)/(-6)). Let z = -12 - l. Suppose -b - 2*b - 6 = z, b = n - 91. Is n prime?
True
Let q(m) = m**2 - 7*m - 1. Let g be q(7). Let t = g - -84. Is t a composite number?
False
Suppose 1292*z = 1297*z - 165955. Is z a prime number?
True
Suppose 2*u - 3*x = 871, -u + 419 = -0*u + 4*x. Is u a composite number?
False
Suppose -90701 = -25*c + 113774. Is c prime?
True
Is (-88)/836 + (-402939)/(-57) prime?
True
Let w = 5772 - 1569. Suppose -h = 5*k - w, -5*k + 1341 + 2856 = 4*h. Is k a composite number?
True
Let m(w) = -1954*w - 27. Is m(-1) a prime number?
False
Let h(w) = w**3 - 3*w**2 + w + 2. Let l be h(3). Let x = -82 - -87. Suppose -2*d - 2*p = -x*d + 61, l*d + 5*p - 85 = 0. Is d a composite number?
False
Suppose 12*n = 10*n - 170. Let i be 7892/14 + (-4)/(-14). Let q = i + n. Is q composite?
False
Suppose 0 = x - 3, 0*x - x = -5*u - 3. Suppose 2*c - c + 1397 = u. Is c/(-6) + (-4)/(-24) a prime number?
True
Suppose 3*s + 2*j + 50 = 0, 38 = -2*s - 0*s + j. Is 52347/27 + (-4)/s a composite number?
True
Suppose 5*g = 4*y + 15340, 0*g + 4*y = g - 3068. Suppose -t = 5*o - g, -4*o + 3*o + 2*t + 618 = 0. Is o prime?
False
Let t(l) = -l**2 - 7*l - 11. Let v be t(-5). Is -3*163*v/3 prime?
True
Suppose 0 = 3*l - 19*l +